 factors of u?
2
Let q = -123 + 204. List the prime factors of q.
3
Suppose 3*a - 16 = -a. What are the prime factors of a?
2
Suppose 0*c = -5*c. Let w(s) = -s**2 + 5. What are the prime factors of w(c)?
5
Suppose 0 = 3*b - 1 - 11. Suppose b*z - 36 = -4*c, -2*z + 2 = -z. What are the prime factors of c?
7
Suppose 0 = -4*m + 3*b + 231, 4*m - 3*b = -2*b + 237. List the prime factors of m.
2, 3, 5
Suppose 5*q = 17 - 57. Let c be (9/(-2))/((-2)/q). Let z = c + 25. List the prime factors of z.
7
Let j = 4 + 29. Let a = j - -4. What are the prime factors of a?
37
Let h(d) = -7*d + 2. Let t(p) be the first derivative of -3*p**2 + 3*p + 4. Let c(j) = -2*h(j) + 3*t(j). What are the prime factors of c(-4)?
3, 7
Let z be ((-12)/15)/(1/(-5)). Let a be 2 + (-1)/(-1)*33. Suppose 9*j - a = z*j. List the prime factors of j.
7
Let o = 10 + -7. Let j(c) = c + 5. Let g(m) = 1. Let r(h) = -22*g(h) + 4*j(h). What are the prime factors of r(o)?
2, 5
Let g(i) = 43*i**3 + 3*i + 1. What are the prime factors of g(2)?
3, 13
Let o = 23 + -12. What are the prime factors of o?
11
Let w(g) be the third derivative of g**5/60 - 3*g**4/8 + g**3 - g**2. List the prime factors of w(10).
2
Let l = 23 + -60. Let v = 61 + l. List the prime factors of v.
2, 3
List the prime factors of (15 + -4)*(-3)/((-6)/26).
11, 13
What are the prime factors of ((-128)/(-6))/((-12)/(-18))?
2
Let x = -2 + 5. What are the prime factors of (-1)/(x + (-128)/42)?
3, 7
Suppose 3*c - 5*c = -108. Let q = c + -34. Suppose -4*z - 36 = -d - d, d - q = 3*z. List the prime factors of d.
2, 7
Suppose -9 - 41 = -5*g. What are the prime factors of g?
2, 5
Suppose -i - 6 + 10 = 0. List the prime factors of i.
2
Let u(t) = t**2 - 8*t + 10. Let h be u(7). Let i(v) = -v + 5. Let y be i(5). Suppose -2*m + 3 + h = y. What are the prime factors of m?
3
Let z = 27 - -18. List the prime factors of z.
3, 5
Let v(s) = 6*s - s + 5*s + 11 - 8. What are the prime factors of v(4)?
43
Suppose 3*a - 4*j - 17 = 0, 2*a + j - 10 = -2*a. Suppose -48 - 8 = -n - 4*d, 0 = a*n - 4*d - 168. What are the prime factors of n?
2, 7
Suppose 15*o - 36 = 14*o. What are the prime factors of o?
2, 3
Let h(m) = m**3 + 5*m**2 - 7*m + 6. Let i be ((-10)/25)/((-2)/(-30)). What are the prime factors of h(i)?
2, 3
Suppose -4*h + 90 = 2*h. List the prime factors of h.
3, 5
Let j = -53 + 100. List the prime factors of j.
47
Let c = -7 - -10. Let r be (c/(-2))/(9/(-12)). Suppose -2*o - r*x + 7*x = 16, -2 = o - x. List the prime factors of o.
2
Let d = -100 - -217. What are the prime factors of d?
3, 13
Let u(n) = n**2 - 2*n. Let h be u(-3). List the prime factors of (-4)/20 + 138/h.
3
Suppose 0 = 5*c - 4*p - 113, 3*c - 2*p - 57 = -5*p. Suppose 5*w - 4 = c. Suppose -8 = -y - 0*r + w*r, -y - 4*r = 1. List the prime factors of y.
3
Let a(i) = -i + 3. Suppose -n + 25 = -6*n. List the prime factors of a(n).
2
Let x(d) = -d**2 + 3*d. Let y be x(3). Suppose u - 3 + y = 0. Suppose -2*b - u = -13. List the prime factors of b.
5
Suppose 2*g = -g - 45. Let a = 24 + g. Let b = a + -5. What are the prime factors of b?
2
Let a = 176 - -35. What are the prime factors of a?
211
Let d(g) = g**2 - 1. Let h be d(0). List the prime factors of (6/4)/(h/(-14)).
3, 7
Let v(y) = -y**3 + 6*y**2 + 7*y + 2. Let l(c) = -2*c + 6. Let z be l(-5). Let k = 23 - z. List the prime factors of v(k).
2
Let o(p) = p**3 - 3*p - 2. Let g be o(-2). Let w(t) be the third derivative of -t**4/12 - 2*t**3/3 - 3*t**2. What are the prime factors of w(g)?
2
Let f = -16 + 18. What are the prime factors of (-6 - -5) + (43 - f)?
2, 5
Suppose 0 = 4*r - u - 20, 3*r - 6 = -4*u + 28. Suppose -g + r = -1. What are the prime factors of g?
7
Suppose -98 = -o + 24. List the prime factors of o.
2, 61
Suppose -36*c = -33*c - 336. List the prime factors of c.
2, 7
Let k be (-707)/(-15) - 20/150. Let d = k - 3. List the prime factors of d.
2, 11
Suppose -g - 30 = -2*g. What are the prime factors of g?
2, 3, 5
Let n(p) = -5*p - 8. List the prime factors of n(-2).
2
Let w(b) = 1 + 5*b**2 + 7*b - 2*b - 6*b - 4*b**3 + 3*b**3. Let g = 3 - -1. What are the prime factors of w(g)?
13
Suppose 0*o = -3*o + 339. What are the prime factors of o?
113
Suppose 2*o - 16 = 5*t - 210, 3*o = 4*t - 151. Let d = t + -17. List the prime factors of d.
23
Suppose 5*p + 24 = 64. Suppose -p = -z + 3*n, z = -0*z + n + 4. List the prime factors of z.
2
Let h be 123/5 - (-4)/10. Let d = h - 12. List the prime factors of d.
13
Suppose 0 = -t + 5, -m + 4*t - 26 = -4*m. Suppose 3*d - 13 = -p + 3*p, -3*d = p + m. Let l(v) = 13*v**2 + v - 1. List the prime factors of l(d).
13
Suppose -3*c + 18 = 3. List the prime factors of c.
5
Let f(h) = 2*h**2 - 3*h + 9. Let u(a) = a**3 + 8*a**2 + 7*a + 4. Let w be u(-7). What are the prime factors of f(w)?
29
Let g(q) be the third derivative of q**5/60 - 5*q**4/24 - 5*q**3/6 + 3*q**2. What are the prime factors of g(9)?
31
Let u(s) = 3*s - 3. List the prime factors of u(8).
3, 7
Let y be (-84)/9*(-6)/4. Let s(t) = -2*t + 4. Let g be s(6). Let n = y + g. List the prime factors of n.
2, 3
Suppose 2*w - 8 = -2*w. List the prime factors of w.
2
Suppose 9*z - 8*z = -6. Let x(k) = -5*k - 20. Let h(d) = -4*d - 19. Let u(p) = z*h(p) + 5*x(p). What are the prime factors of u(-10)?
2, 3
Let t(h) = h**2 - 5*h + 4. Suppose -o + 7 - 27 = -5*z, 0 = 4*z - o - 17. Let u be t(z). List the prime factors of 0 + u + 2 - -2.
2
Suppose -2*c - h = 4*h - 103, -h = 2*c - 83. What are the prime factors of c?
3, 13
Let a = 26 + 16. List the prime factors of a.
2, 3, 7
Let w = 62 - 20. What are the prime factors of w?
2, 3, 7
Suppose -3*h - 107 = 5*k + 404, -5*h + k - 805 = 0. What are the prime factors of h/(-21) - 2/(-7)?
2
List the prime factors of 310 + (1 + -7 - -3).
307
Suppose 2*l + 2*l = -5*i - 486, 4*i = -3*l - 364. Suppose 5*g = f - 48, 2*f + 14 = -g - 0. List the prime factors of l/g - (-4)/(-10).
2, 3
What are the prime factors of 4698/66 - 4/22?
71
Let m = -14 - -25. List the prime factors of m.
11
Suppose -2*q - 3 = q, t = -5*q + 29. Suppose -4*g = -5*i + t + 249, 3*i - 2*g = 169. What are the prime factors of i?
5, 11
Let w(s) = 2*s - 9. Suppose -3*a + 14 + 4 = 0. What are the prime factors of w(a)?
3
What are the prime factors of (-68)/(-10)*80/16?
2, 17
What are the prime factors of (-83)/(-1)*(5 + -2 + -2)?
83
Let s(x) = -x**2 + 7*x - 4. Let c be s(6). Let v = c + -2. Let i = 7 + v. List the prime factors of i.
7
Suppose -2*v - 3*g - 16 = -249, 0 = -4*v - 3*g + 475. List the prime factors of v.
11
Let g = -24 + 54. Suppose -2*v = -g - 46. List the prime factors of v.
2, 19
Suppose -4*n + 135 + 169 = 0. What are the prime factors of n?
2, 19
Let m(c) = c**3 + 13*c**2 - 4*c + 27. List the prime factors of m(-10).
367
List the prime factors of (-13)/((-3)/(3 + 15)).
2, 3, 13
Let u = -18 - -27. Let m = -2 + u. Suppose -4*c - 2*h = -h - 28, -c - 2*h + m = 0. What are the prime factors of c?
7
Let u(d) = 12*d + 2. Let a be u(3). Let y = a + -2. List the prime factors of y.
2, 3
Let n(z) = 2*z**3 - 4*z**2 - z + 6 - 3*z**3 - 2. Let v be n(-3). Let y(m) = m**2 + m + 2. What are the prime factors of y(v)?
2
Let w be -6*(-1)/(-2) - -12. List the prime factors of 6/(-4)*(-78)/w.
13
Let p = 52 + -3. List the prime factors of p.
7
Suppose -w + 8*w - 616 = 0. List the prime factors of w.
2, 11
Let y = -14 - -137. List the prime factors of y.
3, 41
Let n = -4 - -8. Let y = 7 - n. Suppose a + y*a - 36 = 0. What are the prime factors of a?
3
Let a(f) = -1. Let z(p) = -p + 3. Let o(c) = 4*a(c) + z(c). Let n be o(-3). Suppose -17 = -n*u - 8*g + 5*g, -g = -2*u + 21. List the prime factors of u.
2, 5
Suppose 2*m - 4*q = -3*m - 11, 2*q = -3*m - 11. Let n = 9 + m. What are the prime factors of n?
2, 3
Let g = 10 + 21. List the prime factors of g.
31
Let c(r) = r**2 - 6*r - 4. Let b be c(9). Suppose 3*x - 19 = -2*l, -l + 5*l + x = b. Suppose l*v - 47 = -2. List the prime factors of v.
3
Let u = 57 - -44. List the prime factors of u.
101
Let d = -128 - -319. List the prime factors of d.
191
Suppose o - 4*t = 4*o + 62, 2*t = 5*o + 60. Let y = o + 40. List the prime factors of y.
2, 13
Suppose 0 = -c + 3*q + 57, 0 = 4*c + 5*q - 159 - 120. List the prime factors of c.
2, 3, 11
Suppose 3*f + 126 = 6*f. What are the prime factors of f?
2, 3, 7
Supp